1 (base 12) in base 6?
434401
1a31 (base 15) to base 2
1011000100111
643 (base 10) to base 15
2cd
-23012 (base 7) to base 10
-5840
What is -37 (base 12) in base 5?
-133
Convert -17b8 (base 15) to base 7.
-20636
-307 (base 13) to base 11
-428
What is -1212 (base 5) in base 10?
-182
What is -4812 (base 11) in base 3?
-22122112
-389a (base 11) to base 7
-20532
240 (base 10) to base 7
462
What is -21211 (base 4) in base 8?
-1145
Convert -748 (base 16) to base 10.
-1864
What is 621 (base 7) in base 16?
135
-520023 (base 6) to base 2
-1010001000001111
Convert -25352 (base 6) to base 8.
-7344
What is -1b8 (base 15) in base 7?
-1106
-8343 (base 15) to base 6
-332230
What is 231 (base 11) in base 6?
1140
Convert -1200031 (base 5) to base 3.
-1010000210
What is 254 (base 10) in base 6?
1102
What is -111010101110010 (base 2) in base 3?
-1112020120
-586 (base 12) to base 15
-39c
What is -575 (base 14) in base 9?
-1433
-1601 (base 7) to base 4
-21332
What is -772 (base 13) in base 12?
-8a4
What is -1313 (base 4) in base 2?
-1110111
What is -4387 (base 12) in base 4?
-1310113
391 (base 14) to base 4
23023
Convert 13077 (base 10) to base 7.
53061
2574 (base 13) to base 4
1103112
22112100 (base 4) to base 16
a590
-1 (base 8) to base 2
-1
Convert -1418 (base 9) to base 7.
-3056
What is 11331 (base 4) in base 5?
3011
Convert -392 (base 10) to base 8.
-610
-13286 (base 11) to base 10
-18970
What is 117663 (base 8) in base 16?
9fb3
Convert -20212 (base 10) to base 14.
-751a
What is 858 (base 11) in base 8?
2007
Convert -1521 (base 6) to base 9.
-504
Convert 1114 (base 8) to base 12.
410
What is -11102013 (base 4) in base 12?
-10633
What is 45044 (base 6) in base 10?
6292
What is -1b8 (base 14) in base 4?
-11212
-435 (base 10) to base 15
-1e0
What is 12312 (base 4) in base 7?
1164
Convert -16056 (base 8) to base 14.
-28b4
-15631 (base 7) to base 5
-120212
280 (base 12) to base 8
600
1300 (base 6) to base 8
504
Convert 1341 (base 11) to base 15.
7ae
-72e8 (base 15) to base 10
-24293
Convert 430 (base 12) to base 10.
612
-4530 (base 8) to base 7
-6655
Convert -223401 (base 5) to base 13.
-3827
What is -510 (base 8) in base 2?
-101001000
Convert 4051 (base 11) to base 7.
21454
-32da (base 14) to base 9
-13075
What is -7e8 (base 15) in base 4?
-130001
What is -13151 (base 6) in base 7?
-5602
What is -1000001111001111 (base 2) in base 3?
-1201021202
Convert 13212 (base 6) to base 7.
5621
What is 236 (base 12) in base 9?
406
What is ac4 (base 16) in base 14?
100c
What is 2724 (base 8) in base 10?
1492
What is -261442 (base 7) in base 12?
-24151
What is -133 (base 12) in base 13?
-111
What is -400 (base 13) in base 5?
-10201
2110 (base 5) to base 2
100011000
Convert -2da6 (base 15) to base 16.
-2667
Convert -1235 (base 6) to base 5.
-2221
Convert 1010111101111111 (base 2) to base 12.
21bbb
What is 111201 (base 4) in base 2?
10101100001
What is -3a03 (base 13) in base 5?
-231114
2031213 (base 5) to base 13
12212
Convert -915d (base 14) to base 4.
-12012033
52 (base 9) to base 8
57
-10821 (base 12) to base 5
-1200123
322000 (base 4) to base 3
12002111
What is -45a (base 15) in base 6?
-4321
What is 287 (base 12) in base 14?
1dd
What is 719b (base 14) in base 13?
8b82
Convert 849 (base 15) to base 6.
12353
-1fb (base 16) to base 14
-283
Convert -121456 (base 7) to base 14.
-812d
What is -20303 (base 7) in base 12?
-2a48
-1686 (base 15) to base 2
-1001011110011
-1557 (base 9) to base 12
-82a
Convert -345 (base 14) to base 7.
-1615
Convert -1302031 (base 4) to base 8.
-16215
-1865b (base 14) to base 3
-10010112102
-385 (base 14) to base 2
-1011000001
Convert 200 (base 4) to base 14.
24
What is -377 (base 8) in base 15?
-120
Convert -4d3 (base 14) to base 6.
-4253
What is 25241 (base 6) in base 16?
eb9
-3103342 (base 5) to base 7
-300102
Convert -895 (base 12) to base 2.
-10011110001
-11110100001001 (base 2) to base 9
-23381
What is 1011101001011111 (base 2) in base 11?
32934
-22330 (base 5) to base 4
-120312
Convert 22012 (base 4) to base 14.
342
What is 2100130 (base 5) in base 11?
23947
468 (base 10) to base 9
570
What is 1013121 (base 4) in base 12?
2789
What is -6cd2 (base 15) in base 2?
-101101001101011
Convert -bb3 (base 14) to base 5.
-33223
Convert -209 (base 11) to base 13.
-164
15279 (base 12) to base 15
8c3c
-3650 (base 8) to base 6
-13024
What is 71262 (base 8) in base 13?
10498
-5224 (base 9) to base 13
-1987
What is 232 (base 7) in base 15?
81
-1022221 (base 4) to base 14
-1a53
-2956 (base 12) to base 10
-4818
Convert 241 (base 16) to base 12.
401
Convert -3a23 (base 15) to base 2.
-11000001111000
-8541 (base 10) to base 7
-33621
-19c (base 14) to base 15
-174
Convert -102121223 (base 4) to base 14.
-1d679
Convert 4343 (base 5) to base 11.
4a4
Convert 16c9 (base 13) to base 3.
11122001
-23213 (base 4) to base 10
-743
Convert 755 (base 11) to base 8.
1613
Convert -504 (base 15) to base 16.
-469
Convert 315 (base 11) to base 2.
101111011
Convert -412 (base 10) to base 11.
-345
Convert c0 (base 16) to base 14.
da
2320 (base 7) to base 6
3531
-1a46 (base 14) to base 4
-1022132
-8fb (base 16) to base 10
-2299
Convert -a11 (base 13) to base 8.
-3250
What is -4584 (base 9) in base 15?
-1017
3410 (base 7) to base 13
73a
-30420 (base 6) to base 4
-333030
651 (base 13) to base 2
10000111000
Convert -391 (base 14) to base 5.
-10330
Convert -14171 (base 13) to base 5.
-2200420
-545 (base 8) to base 10
-357
4916 (base 11) to base 4
1210132
Convert 1a7 (base 15) to base 3.
112011
Convert -100444 (base 5) to base 2.
-110010110001
What is 69b (base 14) in base 10?
1313
What is -14221 (base 7) in base 12?
-22ba
What is -314 (base 14) in base 11?
-501
-ba38 (base 12) to base 9
-31088
11615 (base 16) to base 10
71189
Convert -11011001011011 (base 2) to base 7.
-55366
What is -c5b (base 16) in base 4?
-301123
What is 64 (base 10) in base 2?
1000000
1613 (base 12) to base 8
5057
Convert -4553 (base 10) to base 9.
-6218
What is -110323 (base 5) in base 9?
-5234
-72 (base 12) to base 14
-62
1b82 (base 12) to base 16
d52
What is -1024042 (base 5) in base 12?
-a099
-10011010000 (base 2) to base 3
-1200122
Convert -21322 (base 4) to base 10.
-634
What is 154203 (base 6) in base 5?
441240
Convert 1673 (base 9) to base 6.
5533
-6a3 (base 15) to base 11
-1147
What is 257 (base 10) in base 3?
100112
Convert 13504 (base 7) to base 15.
1154
What is 3101 (base 8) in base 13?
962
Convert 10a5a (base 11) to base 6.
201404
Convert -225 (base 13) to base 4.
-11301
Convert -1225 (base 8) to base 12.
-471
What is -4593 (base 10) in base 15?
-1563
What is -1011011001110 (base 2) in base 12?
-3466
Convert -a2a (base 11) to base 14.
-64a
Convert -216 (base 10) to base 8.
-330
138 (base 16) to base 9
376
What is 52062 (base 7) in base 2?
11000110111111
What is -1407 (base 11) in base 10?
-1822
What is 1022222212 (base 3) in base 14?
97c4
What is 4478 (base 9) in base 10?
3311
Convert 11 (base 11) to base 12.
10
-12353 (base 7) to base 16
-cc8
-14770 (base 12) to base 13
-1010a
441 (base 6) to base 13
100
What is -13 (base 7) in base 4?
-22
What is -cc1 (base 15) in base 3?
-10221201
What is -14152 (base 9) in base 16?
-2585
42680 (base 11) to base 7
345606
Convert 19b (base 12) to base 13.
173
What is -40015 (base 9) in base 5?
-1320013
Convert -821 (base 11) to base 3.
-1100201
Convert -1010001111011111 (base 2) to base 8.
-121737
Convert 64 (base 13) to base 16.
52
Convert 9725 (base 10) to base 16.
25fd
What is 2bda (base 14) in base 6?
100140
-2525 (base 14) to base 9
-8823
-5060 (base 8) to base 5
-40413
What is 10214 (base 5) in base 13?
408
Convert -3e88 (base 15) to base 10.
-13403
What is -110012000 (base 3) in base 5?
-241013
What is 20311 (base 5) in base 2?
10100110011
What is -56 (base 7) in base 10?
-41
16304 (base 9) to base 7
44413
What is 223101 (base 4) in base 14?
101b
What is -2a35 (base 11) in base 14?
-15d4
What is -1034000 (base 5) in base 14?
-67ba
-9a2 (base 11) to base 3
-1122111
Convert -830 (base 9) to base 4.
-22203
What is 456 (base 7) in base 2?
11101101
What is 8 (base 16) in base 14?
8
Convert -537 (base 9) to base 6.
-2011
Convert a414 (base 11) to base 5.
420214
133223 (base 4) to base 9
2702
-922 (base 15) to base 7
-5666
What is 5321 (base 7) in base 3?
2120112
C